) = -b**3 - 3*b**2 + 3*b. Let m(i) = i**2 + 5*i + 2. Let y be m(0). Determine d(y).
-14
Let d(b) = b**3 + 4*b**2 - b - 5. Let j be 2/6*((6 - 4) + -2). Let z be 2 - (6 + j/(-1)). Give d(z).
-1
Let g(f) = 6*f - 19*f**2 + 25*f**2 - 8*f + 5 + 0 - f**3. Determine g(6).
-7
Let i(n) be the third derivative of n**5/60 + 3*n**4/8 + 5*n**3/3 + 19*n**2. Let o = 4 - 3. Suppose 0 = d + 6 + o. Determine i(d).
-4
Let s(m) = m**3 + 6*m**2 + 7*m. Let h be s(-4). Let g be -4*((-2)/h)/(4/6). Let w(r) = -r**2 + r + 1. Determine w(g).
-5
Let c(w) = 10*w**2 + w. Let m = -5 + 5. Suppose -2*j - 2 + 6 = m. Suppose j*n - n = 1. Determine c(n).
11
Let x(a) = -a - 17. Suppose -2*r - t = 9, -3 = -r - 4*t + 3. Calculate x(r).
-11
Let v(s) = -3*s - s + 7 - 2*s + s**2. Let d(w) = -3*w**2 + 82*w - 170. Let z be d(25). What is v(z)?
2
Let z(y) be the first derivative of -3*y**5/20 - y**4/12 + y**3/3 - y**2/2 - 15*y + 19. Let a(m) be the first derivative of z(m). What is a(1)?
-3
Let j(s) = s - 1. Let x be j(3). Suppose 9*c = 12*c - 2595. Let i(f) = 0 - 1 - 866*f**2 + c*f**2. Give i(x).
-5
Let u(x) = 5*x**2 + 12*x. Let o(r) = 9*r**2 + 24*r + 1. Let z(q) = 4*o(q) - 7*u(q). Give z(-12).
4
Let y(b) be the first derivative of 3*b**2/2 - 15*b - 744. Give y(6).
3
Let o(n) = -2*n - 5. Let i be o(-12). Suppose 5*m + i = -v, -8 = m - 4*v - 21. Let c(u) = -3 + 21 + 4*u - 6 - 2*u**2 - u**3 - 9. What is c(m)?
0
Let c(a) = -6*a. Let r(q) = -6*q. Let n(b) = 5*c(b) - 6*r(b). Let t(f) = 0*f**2 + f**2 + f - 2*f**2. Let k(p) = -n(p) + 5*t(p). Give k(-1).
-4
Let z(h) be the third derivative of -h**4/6 - h**3/3 - h**2. Suppose -9*m = 15 + 3. Let t be z(m). Let y(c) = c**3 - 7*c**2 + 4*c - 2. Determine y(t).
-14
Let n be (-7 + 4)/((-185)/(-94) + -2). Let d = -95 + n. Let k(f) = -2*f**3 + 1. Determine k(d).
3
Let t(c) be the second derivative of 0 + 13*c - 7/6*c**3 + 1/12*c**4 - 1/2*c**2. Give t(5).
-11
Let s(q) be the second derivative of q**4/12 + 4*q**3/3 + 9*q**2/2 - 29*q - 6. Suppose 3*c = 5*n + 20, -c + 23 = n - 5*n. Give s(n).
2
Let k(w) be the first derivative of 2*w**3/3 - 3*w**2/2 - w + 21. Let p(h) = -h - 1. Let i be p(1). Determine k(i).
13
Let t(f) = f**3 - 4*f**2 + 1. Let v be (-9)/6*-2 - -6. Let x = v - 19. Let y be (-1)/(-5) + (-28)/x. What is t(y)?
-8
Suppose 12 - 258 = 41*f. Let i(g) = g**3 + 4*g**2 - 9*g - 8. Give i(f).
-26
Let r(m) = 15*m + 14. Let d(x) = -13*x - 10. Let k(y) = 6*d(y) + 5*r(y). Calculate k(8).
-14
Let g(u) = u. Let p = -1 + -6. Let n(z) = z + 10. Let t be n(p). Suppose 4*f = 5 + t. Give g(f).
2
Let g(q) = 15*q**3 - q**2 - 5*q - 7. Let o(a) = 4*a + 1 + 3 - 7*a**3 - a. Let u be (23/((-805)/30))/(1/7). Let l(v) = u*g(v) - 13*o(v). What is l(-7)?
4
Let h(m) = 2*m + 1. Let k be h(-2). Let y be (-2)/(-1) + (k - -3). Let o(d) be the third derivative of -d**4/12 + d**3/3 + 3*d**2. Determine o(y).
-2
Let l(b) = 4 - 5 - 33*b**2 + 34*b**2 + 14 + 8*b. Calculate l(-7).
6
Let p(f) = 7*f**2 - f**3 - 303 - 7*f + 622 - 310. Let t = 5 + 1. Determine p(t).
3
Suppose -2*z - 7 = -z - 5*w, 0 = -5*z + 4*w + 7. Let p(g) = -11 - 7 + 20 - z*g. Calculate p(-2).
8
Let o(h) = -3 + 32*h**2 - 2*h**3 + 2 - 33*h**2 - 2*h. Give o(-1).
2
Let b(q) = -q**3 - 12 + 2*q + 15 + 8 - 6*q**2. What is b(-6)?
-1
Let o(x) = -15*x - 5 - 2 + 0 + 1. Let m(n) = 7*n + 3. Let z(b) = -13*m(b) - 6*o(b). Determine z(7).
-10
Let c be 1*51/9 + -5. Let b(l) be the second derivative of 0 + l**3 + l**2 - c*l**4 - 5*l + 1/20*l**5. Give b(7).
-5
Let d(s) = -1 + 0*s + 0*s + 4*s + 2. Suppose 0 = n - c + 5, -4*c - 1 = -5. Calculate d(n).
-15
Let c(z) = -z**3 + 7*z**2 + 4*z + 8. Suppose -5*m + 6 = 2*i, -10 = -4*i - 2*m + 18. Calculate c(i).
-24
Let p be (15/(-9))/((-40)/144). Suppose p*l = -19 + 7. Let i(j) = j**2 + j - 1. Let x(r) = -r**2 - r + 4. Let a(h) = -6*i(h) - 2*x(h). Determine a(l).
-10
Let i(l) = -2*l**2 + 9*l + 7. Suppose -5*o + 90 = 50. Calculate i(o).
-49
Let d(q) = 2*q**2 - 5*q. Let u(a) = 5*a**2 - 24*a - 3. Let c(z) = -6*d(z) + 2*u(z). Give c(-8).
10
Let r be (-6)/((0 + 1)*1). Let y be 10*(-2 - -4)/10. Let z(n) = -7*n - n**3 - 227*n**y - 1 + 2*n**3 + 232*n**2. Calculate z(r).
5
Let n = 422 - 430. Let m(w) = w - 5. Calculate m(n).
-13
Let q(r) = r + 7. Let t be 3 - (-40)/(0 + 4). Calculate q(t).
20
Let v(x) be the second derivative of x**3/6 + 3*x**2 - x. Let b(f) = -f**3 + 11*f**2 - 10*f - 1. Let w be b(10). Let q be w*(6/1 + -1). Give v(q).
1
Let b(f) = -f**3 + 13*f**2 - 11*f - 14. Let i be (3 - 6 - -2) + 13/1. Let c be b(i). Let d(z) = z**3 + 4 - 4 - 2*z**2 - 3*z. Calculate d(c).
-10
Let j be (-1)/(-4) - 63/(-36). Suppose 0 = -3*x - j*x. Let t(w) = -2*w + 2 - 5 + 4 + x - 7*w**2. Calculate t(1).
-8
Suppose 18 - 1 = -j - 5*o, 4*o = j - 1. Let z(x) be the third derivative of -x**4/24 - x**2. Give z(j).
7
Suppose -2*j - 2*s = 12, -5*s - 11 = -4*j + 1. Let q(h) = h**2 - 5*h**2 + 2*h + 2*h + 1 - 5*h. What is q(j)?
-13
Let i(x) = -x**3 + 4*x**2 + 3*x + 7. Suppose -4*w + 28 = -4*c - 0*c, -5*w + 29 = -2*c. What is i(w)?
-3
Let u(c) = -c**2 + 6*c - 4. Suppose 4*y = -5*q + 9*q - 24, -y - 14 = -3*q. Determine u(q).
4
Let t(s) = s**3 + 15*s**2 + 15*s + 5. Let r be t(-14). Let f be -2*(-1)/r*-9. Let h(p) = 4*p - 1 + p - 5*p + 2*p + 3*p**f. Calculate h(-2).
7
Let t(m) be the first derivative of 2*m**2 + 6*m - 97. Determine t(-4).
-10
Let w(d) = 4*d - 16. Let g(h) = -7*h + 29. Let p(f) = 3*g(f) + 5*w(f). Determine p(13).
-6
Let b be (-10)/(-3)*(-30)/(-25). Let f be (-9)/(-2) - b/8. Let d = 0 - f. Let t(k) = -k**2 - 5*k - 5. Calculate t(d).
-1
Suppose 144 + 161 = -5*s - 5*n, 5*n = -4*s - 249. Let f = s - -55. Let h(m) = 0 - m - 1 - 1. Calculate h(f).
-1
Let i(c) = 4*c**3 - 2*c**2 + 2*c - 9. Let m(n) = 5*n**3 - 2*n**2 + 3*n - 10. Let v(w) = -6*i(w) + 5*m(w). What is v(-3)?
-14
Let f(a) = 11*a**2 - 221*a + 14. Let v be f(20). Let h(b) = -2*b - 15. Give h(v).
-3
Let r = -82 - -66. Let m(o) = -o**3 - 17*o**2 - 18*o - 17. Give m(r).
15
Let k(w) = -26*w - 470. Let m be k(-18). Let h(t) = -t + 2. Give h(m).
4
Let y(q) = 77*q - 216*q + 71*q + 74*q. Determine y(1).
6
Let r = -232 + 100. Let n = r - -132. Let y(v) = -v**2 - v + 1. Let x(m) = -5*m**2 - 5*m - 4. Let w(f) = x(f) - 4*y(f). Determine w(n).
-8
Let p be (-1624)/196 + 10/(-14). Let i(m) = -m**2 - 11*m - 20. Give i(p).
-2
Let b(c) = 7*c - 9. Let w be (4/(-2))/(4 - 22/6). Let g(v) = 8*v - 9. Let q(t) = w*g(t) + 7*b(t). What is q(9)?
0
Let o(v) = -2*v - 1. Let l(a) = 2*a - 1. Let s(z) = 2*l(z) + 3*o(z). Calculate s(-7).
9
Let v(t) = -3*t + 31. Suppose 0 = -41*q + 25*q + 128. Give v(q).
7
Let j(s) = s**2 + 7*s + 9. Let c be j(-6). Let f(q) = -q**2 - q - 1. Let x(d) = 2*d**2 - 4*d - 3. Let r(z) = c*f(z) - x(z). What is r(1)?
-4
Let b(v) = 3*v**2 + 4*v + 2. Let m(z) = 4*z**2 + 3*z + 2. Let p(a) = -3*b(a) + 2*m(a). What is p(-7)?
-9
Suppose -9 = -3*x + 27. Let g(b) = -7*b + 30*b - x*b + 8 - 14*b. Determine g(6).
-10
Let p(w) = -w + 9. Suppose m = -1181 + 1197. What is p(m)?
-7
Let c(q) be the second derivative of q**5/120 + q**4/6 - 13*q**3/6 - 17*q. Let o(b) be the second derivative of c(b). What is o(-4)?
0
Let i(d) = -2*d**2 - 22*d - 17. Let f be i(-10). Let h(l) = 9*l - 3. Give h(f).
24
Let y(d) = -3*d**2 + d - 1. Let b(z) = -16*z**2 + 9*z - 2. Let p(j) = b(j) - 5*y(j). Calculate p(5).
-2
Suppose 0 = p + a - 5*a + 4, -5*p - 4*a = -28. Let z(l) = l**2 - 5*l - 5. What is z(p)?
-9
Suppose a - 4*a = 42. Let w = a - -18. Let q(t) = 5*t - 6. Give q(w).
14
Let s be 66/(-10) + 12/20. Let x(p) = p - 8. Give x(s).
-14
Let k(v) = 16*v - 146. Let p be k(9). Let r(i) = -4*i**3 + i**2 - i + 1. Give r(p).
39
Let x(a) = a**2 + 4*a + 1. Let f(n) = -n - 4. Let i be f(-2). Let r(j) = -3*j**2 + 3. Let y be r(i). Let b be (-6)/y - 11/3. Determine x(b).
-2
Let g = -15 + 15. Suppose -5*n + 3*n + 4 = g. Let o(z) = -3*z - 38 - 4*z**n - 2*z**3 + 38. Determine o(-2).
6
Let a(g) = -g**2 - 7*g + 12. Let b be a(-9). Let k(d) = d**3 - 3*d**2 - 5*d + 6. Let i be k(4). Let q(z) = z + 6*z - 6*z + i. Give q(b).
-4
Let z(i) = i**3 + 18*i**2 - 20*i - 23. Suppose -150*d = -153*d - 57. Give z(d).
-4
Suppose -30*p + 5355 = 5085. Let v(d) be the first derivative of -d**3/3 + 9*d**2/2 - 2*d + 1. What is v(p)?
-2
Let m(z) = 11*z**3 - z**2 + 13*z + 2. Let s(g) = 9*g**3 - g**2 + 19*g + 3. Let u(y) = -3*m(y) + 2*s(y). Det